546 a multiple of 79?
True
Does 1565 divide 3380400?
True
Does 330 divide 2462384?
False
Is 6 a factor of 7778278?
False
Is 2659650 a multiple of 146?
False
Does 23 divide 16881277?
False
Is 9 a factor of 76157?
False
Is 38 a factor of 5292977?
False
Is 4 a factor of 43036?
True
Does 216 divide 383400?
True
Is 599 a factor of 1622367?
False
Is 167 a factor of 828048?
False
Does 30 divide 8549309?
False
Is 326950 a multiple of 59?
False
Is 278 a factor of 76450?
True
Is 6574932 a multiple of 21?
True
Does 46 divide 2367242?
False
Is 35 a factor of 2736405?
True
Does 10 divide 72350?
True
Is 130 a factor of 369431?
False
Is 634 a factor of 7101434?
True
Is 172535 a multiple of 42?
False
Does 11 divide 696817?
True
Is 19 a factor of 1192021?
False
Does 9 divide 638901?
True
Is 4505175 a multiple of 226?
False
Does 33 divide 1394349?
True
Does 624 divide 1195422?
False
Is 10 a factor of 179298?
False
Does 744 divide 905637?
False
Is 58 a factor of 5980264?
True
Is 88 a factor of 620527?
False
Does 225 divide 2245953?
False
Does 15 divide 590010?
True
Is 37 a factor of 57942?
True
Is 1979 a multiple of 9?
False
Does 6 divide 94827?
False
Is 12036 a multiple of 111?
False
Is 695 a factor of 3855814?
False
Is 15 a factor of 11669?
False
Is 71266 a multiple of 133?
False
Is 12283639 a multiple of 17?
True
Is 7 a factor of 552761?
False
Is 24900119 a multiple of 40?
False
Is 51 a factor of 110831?
False
Does 92 divide 32802?
False
Does 270 divide 3993?
False
Is 77 a factor of 866232?
False
Is 767 a factor of 1181180?
True
Is 217 a factor of 151466?
True
Is 2301 a multiple of 6?
False
Is 5561 a multiple of 23?
False
Is 2 a factor of 77428?
True
Is 67 a factor of 2432281?
False
Does 13 divide 80709?
False
Does 4 divide 3804176?
True
Does 221 divide 3210794?
False
Is 82005 a multiple of 22?
False
Is 134062 a multiple of 17?
True
Is 1950439 a multiple of 2017?
True
Is 65094 a multiple of 21?
False
Is 49 a factor of 74725?
True
Is 19 a factor of 267284?
False
Is 12 a factor of 1766981?
False
Does 11 divide 3667968?
False
Is 61 a factor of 395280?
True
Does 10 divide 323520?
True
Does 839 divide 338094?
False
Is 3362634 a multiple of 918?
True
Does 40 divide 4336680?
True
Is 6 a factor of 122909?
False
Is 1425300 a multiple of 50?
True
Is 545058 a multiple of 386?
False
Is 2336884 a multiple of 614?
True
Is 2 a factor of 4737?
False
Does 771 divide 2897418?
True
Is 254127 a multiple of 151?
False
Is 25031452 a multiple of 331?
False
Is 93 a factor of 11199900?
False
Does 8 divide 20838?
False
Is 25 a factor of 49133?
False
Is 89592 a multiple of 133?
False
Is 27 a factor of 7013611?
False
Is 2447770 a multiple of 130?
True
Is 479 a factor of 2611285?
False
Is 59 a factor of 13412475?
False
Does 580 divide 6212993?
False
Does 231 divide 79695?
True
Is 1462650 a multiple of 245?
True
Does 232 divide 132386?
False
Is 133 a factor of 1381343?
False
Is 11 a factor of 131857?
True
Is 17 a factor of 17948?
False
Is 334296 a multiple of 72?
True
Is 3789279 a multiple of 9?
True
Does 5 divide 229965?
True
Does 13 divide 141142?
False
Does 21 divide 21126?
True
Is 507 a factor of 672528?
False
Does 7 divide 524153?
True
Is 13 a factor of 14563653?
True
Is 169886 a multiple of 982?
True
Does 9 divide 91238?
False
Is 14 a factor of 813820?
True
Is 148 a factor of 237313?
False
Does 848 divide 670606?
False
Does 85 divide 34874?
False
Is 646428 a multiple of 12?
True
Is 1749824 a multiple of 152?
True
Does 326 divide 8519032?
True
Is 46 a factor of 70779?
False
Is 16 a factor of 86937?
False
Does 126 divide 144413?
False
Is 19971124 a multiple of 1154?
True
Is 651 a factor of 29946?
True
Is 89 a factor of 522964?
True
Does 7 divide 320614?
True
Is 3 a factor of 9365?
False
Is 1315454 a multiple of 4?
False
Is 33 a factor of 1048807?
False
Is 898245 a multiple of 272?
False
Is 2231044 a multiple of 398?
False
Does 4 divide 1174276?
True
Does 11 divide 3641022?
True
Does 835 divide 6687106?
False
Is 113125 a multiple of 25?
True
Is 2022 a factor of 6916978?
False
Does 3 divide 1416?
True
Is 11564 a multiple of 7?
True
Does 685 divide 2914675?
True
Does 34 divide 5948?
False
Does 558 divide 5829426?
True
Is 237 a factor of 796707?
False
Is 226 a factor of 3084599?
False
Is 1312 a factor of 215349?
False
Does 134 divide 2610755?
False
Does 31 divide 159061?
True
Does 138 divide 44964?
False
Is 285 a factor of 36195?
True
Is 15 a factor of 197850?
True
Does 34 divide 115804?
True
Is 222 a factor of 3443886?
True
Does 61 divide 88267?
True
Is 120 a factor of 1810320?
True
Is 18 a factor of 898596?
True
Is 1533312 a multiple of 396?
True
Does 10 divide 75650?
True
Is 84025 even?
False
Is 4299 a multiple of 57?
False
Is 4102100 a multiple of 508?
True
Does 34 divide 667097?
False
Does 159 divide 688947?
True
Is 5 a factor of 17830?
True
Does 109 divide 71831?
True
Is 527520 a multiple of 30?
True
Is 110481 a multiple of 21?
True
Is 308529 a multiple of 117?
True
Is 138627 a multiple of 219?
True
Is 103330 a multiple of 19?
False
Is 29 a factor of 11444299?
True
Does 43 divide 424054?
False
Is 64789 a multiple of 6?
False
Is 966626 a multiple of 10?
False
Is 399638 a multiple of 12?
False
Does 11 divide 302793?
False
Is 8 a factor of 778939?
False
Is 74 a factor of 1834164?
True
Does 923 divide 7801846?
False
Is 11447918 a multiple of 1438?
True
Is 6 a factor of 51996?
True
Is 1341 a multiple of 2?
False
Does 71 divide 8756634?
False
Is 65 a factor of 122135?
True
Is 88992 a multiple of 9?
True
Is 13 a factor of 439068?
False
Is 11922040 a multiple of 520?
True
Is 10 a factor of 728241?
False
Is 266 a factor of 750652?
True
Does 24 divide 63984?
True
Does 21 divide 2332766?
False
Does 36 divide 775476?
True
Is 189 a factor of 153065?
False
Does 101 divide 348851?
False
Is 86 a factor of 3658918?
False
Does 25 divide 165617?
False
Is 6 a factor of 2803302?
True
Is 258819 a multiple of 645?
False
Does 13 divide 90073?
False
Is 478 a factor of 31299918?
True
Is 441943 a multiple of 113?
True
Is 4 a factor of 34008?
True
Does 5 divide 346315?
True
Is 47805 a multiple of 4?
False
Is 4003442 a multiple of 95?
False
Is 665760 a multiple of 228?
True
Is 24064544 a multiple of 112?
True
Is 138 a factor of 55200?
True
Is 3628242 a multiple of 1049?
False
Is 586 a factor of 6309004?
False
Is 152 a factor of 7826285?
False
Is 120886 a multiple of 36?
False
Does 105 divide 3215835?
True
Does 15 divide 947250?
True
Does 65 divide 962178?
False
Is 394865 a multiple of 523?
True
Is 8 a factor of 150114?
False
Is 18 a factor of 135912?
False
Is 151987 a multiple of 287?
False
Does 13 divide 160404?
False
Is 685 a factor of 4478370?
False
Is 14 a factor of 603820?
True
Does 146 divide 9342012?
False
Does 19 divide 137552?
False
Does 63 divide 760095?
True
Is 8 a factor of 27408?
True
Is 120401 a multiple of 3?
False
Is 12 a factor of 1257805?
False
Is 21 a factor of 322682?
False
Is 100 a factor of 3830500?
True
Does 186 divide 3125358?
True
Is 220209 a multiple of 30?
False
Does 43 divide 5392501?
True
Is 8 a factor of 68170?
False
Is 178822 a multiple of 226?
False
Is 7790798 a multiple of 130?
False
Is 583333 a multiple of 30?
False
Is 3 a factor of 13324?
False
Does 76 divide 2957269?
False
Does 54 divide 44874?
True
Is 72765 a multiple of 495?
True
Is 43 a factor of 164561?
True
Does 71 divide 89460?
True
Is 371196 a multiple of 27?
True
Is 982640 a multiple of 173?
True
Is 325 a factor of 938600?
True
Is 216437 a multiple of 25?
False
Does 3 divide 6516?
True
Is 562 a factor of 1149478?
False
Is 284 a factor of 19371368?
False
Is 133575 a multiple of 39?
True
Is 8600371 a multiple of 767?
True
Is 553084 a multiple of 5?
False
Is 561041 a multiple of 25?
False
Is 6831278 a multiple of 388?
False
Does 2 divide 203211?
False
Does 16 divide 1128954?
False
Does 1293 divide 735717?
True
Does 350 divide 102981?
False
Is 32 a factor of 88800?
True
Does 9 divide 1371784?
False
Does 31 divide 3523770?
True
Is 133 a factor of 16723?
False
Does 153 divide 4546329?
False
Does 121 divide 57112?
True
Does 56 divide 2671144?
True
Does 469 divide 205422?
True
Is 5522538 a multiple of 273?
False
Is 15644535 a multiple of 857?
True
Is 561 a factor of 771375?
True
Is 364432 a multiple of 191?
False
Is 69 a